0
Let d(g) = g**2 - 3*g - 2. Let m be d(-1). Suppose 6*f - m*f - i - 88 = 0, f - i - 22 = 0. What is the tens digit of f?
2
Let d(m) = -m + 9. Let j be d(8). Let y be 1 + -3 + 2 + 2. Let i = y - j. What is the units digit of i?
1
Let c be ((-9)/(-3) + -2)*15. Suppose 3*h - c + 6 = 0. What is the units digit of 6/9 - (-1)/h?
1
Let a = -9 - -9. Suppose 0*j - 5*f - 30 = -2*j, a = -3*f + 12. What is the tens digit of j?
2
Let t be (21/(-2))/7*-2. Suppose 0 = c + 2*w - t*w - 32, 2*w = 3*c - 97. What is the tens digit of c?
3
Suppose 80 = 5*v - 0*v. What is the tens digit of v?
1
Suppose 0 = -4*u + 31 - 7. Let f = 9 - u. Suppose 2*z = f*h + 18, -h + 23 = z - 6*h. What is the units digit of z?
3
Suppose 3*f + 38 = 2*n, -f + 0*n = -n + 14. Let u = f + 15. What is the units digit of u?
5
Suppose 58*l - 302 = 56*l. What is the tens digit of l?
5
Let g(x) = -2*x - 8. Let o be g(-6). Let i = 9 - o. Suppose -i*j + 48 - 18 = 0. What is the units digit of j?
6
Let k(n) = 4*n**2 + n - 8. What is the tens digit of k(4)?
6
Let u = 14 - 6. What is the units digit of u?
8
Suppose 3*c = -5*o + 117, c - o = 6*c - 217. What is the tens digit of c?
4
Let u(c) = 2*c**2 + 3*c. Let f(h) = h**3 + 7*h**2 + 6*h + 3. Let s be f(-6). What is the units digit of u(s)?
7
Let o(n) = 2*n**2 + 2*n - 2. Let l be o(-2). Suppose l*h = 26 + 2. Let b = -1 + h. What is the units digit of b?
3
Let l be 2/3 + 28/12. Suppose l*j + 1 = 7. What is the units digit of j?
2
Let a(u) = 2*u**2 - 4*u + 3. Let g(i) = 3*i**3 + i**2 - i + 1. Let j be g(1). What is the units digit of a(j)?
9
Let x(u) = -u**3 - 4*u**2 - 11*u + 10. Let p(i) = -i**3 - 3*i**2 - 11*i + 11. Let g(z) = -5*p(z) + 6*x(z). What is the tens digit of g(-8)?
2
Let y = 20 + 10. What is the tens digit of y?
3
Let r = -13 - -19. Suppose 0 = -4*a + a + r. Suppose l - 28 = -3*w - 4*l, 4*w + 6 = a*l. What is the units digit of w?
1
Let h(i) = -i**3 + 6*i**2 + i + 9. What is the units digit of h(4)?
5
Let f(x) = -x**2 - 8*x. Let z be f(-6). Suppose s + z = 4*s. What is the units digit of s?
4
Let w(j) = -13*j - 36. What is the tens digit of w(-21)?
3
Let c(w) = w**3 + 5*w**2 + 4*w + 3. Suppose -v = 4, 3*v + v - 4 = 5*x. Let i be c(x). Suppose -6*d + i*d + 12 = 0. What is the units digit of d?
4
Let m(i) = -6*i**2. Let s be m(1). Let r = 32 - s. What is the units digit of r?
8
Suppose 12*g - 1180 = 404. What is the hundreds digit of g?
1
Suppose -l + 30 + 120 = 0. What is the hundreds digit of l?
1
Suppose f - 3*f = -40. Suppose 0*c - 4*s + 28 = c, -f = 4*s. What is the tens digit of c?
4
Suppose -3 = 3*w, 2*w - 3*w - 26 = -5*i. Suppose 5 + 1 = m - 2*l, l - 30 = -i*m. What is the units digit of m?
6
Suppose -6*i + 228 = -3*i. Suppose 2*c = -2*c + i. What is the units digit of c?
9
Let r(o) = -o**2 + 44. What is the units digit of r(0)?
4
Let j be -2 + 11 + -3 - -3. Let d = j + -2. What is the units digit of d?
7
Suppose -3*t = 5*y + t + 55, 0 = -y + 3*t + 8. What is the tens digit of -3 - y/((-21)/(-120))?
3
Suppose -d + 14 = -31. Suppose -3*p - 2*p + d = 0. What is the units digit of p?
9
Suppose -4*w - 46 + 258 = 0. What is the units digit of w?
3
What is the tens digit of (14/(-4))/((-3)/30)?
3
Let b be (3/2)/((-18)/(-48)). Suppose 5*r - 31 = b*r. What is the tens digit of r?
3
Suppose -3*x + 18 = -4*z - 0*x, 3*x = 3*z + 12. Let p(j) = -j**3 - 7*j**2 - 5*j + 7. Let r be p(z). What is the units digit of (r/5)/((-1)/(-5))?
1
Let f(u) = u + 10. What is the units digit of f(-9)?
1
Let v(i) = i + 2. What is the units digit of v(2)?
4
Suppose 5*z - 9 = 3*c + 60, -35 = -3*z + 5*c. Suppose 0 = -8*r + 3*r + z. What is the units digit of r?
3
Let f = 69 - 8. What is the units digit of f?
1
Let y(p) = 7*p**2 + 10*p - 9. Let x(h) = -8*h**2 - 11*h + 8. Let t(w) = 5*x(w) + 6*y(w). What is the tens digit of t(-6)?
2
Let y be (-2 + 8)*3/(-6). What is the units digit of 15 - (-2)/(-2 - y)?
7
Let r(k) = -3 + k**2 + 8*k + 3 + 12. What is the units digit of r(-8)?
2
Suppose 4*f - 65 = -3*n, 5 = -4*n + 3*f + 50. What is the tens digit of n?
1
Let z = -20 - -20. Suppose z = -5*g + 109 - 29. What is the tens digit of g?
1
Suppose 3*s + 0*s + 200 = -4*q, -q - 5*s - 50 = 0. Let v = -30 - q. What is the tens digit of v?
2
Suppose 0*g - 870 = -6*g. What is the tens digit of g?
4
Suppose 5*t + 442 = -7*f + 9*f, 2*t = 0. What is the units digit of f?
1
Let y(d) = 9*d. Let l(s) = 4*s. Let u(o) = 5*l(o) - 2*y(o). Let p be u(1). What is the tens digit of (p*2)/(14/35)?
1
Let o = -27 + 39. Suppose -5*z + o = -28. What is the units digit of z?
8
Suppose 5*c - 346 = 3*h, 2*c - 6*c + 4*h + 280 = 0. Let r = c - 43. What is the units digit of r?
5
Suppose 4*c + 4*u = 268, 0 = -2*u + 3*u - 5. What is the units digit of c?
2
Let h be 1*178 + 1 + 2. Suppose -4*x + 5*k + 144 = 0, 5*x - 4*k + 10 - h = 0. What is the units digit of x?
1
Suppose 0 = 2*z - 10, 0 = 4*g - 5*z + 11 + 14. Suppose g = -2*o - 2*o. Suppose o = -3*l - 2*l + 55. What is the units digit of l?
1
What is the tens digit of 1/(-4) - (-1053)/52?
2
Suppose 8*s + 343 = 983. What is the units digit of s?
0
Let v(o) = o**2 - 8*o + 5. Let f be v(8). Suppose -2*m + 19 + 86 = -j, -249 = -f*m - 2*j. Suppose -m = -5*k + 9. What is the tens digit of k?
1
Suppose -31*b = -26*b - 30. What is the units digit of b?
6
Suppose 17*x = -2421 + 6365. What is the units digit of x?
2
Let l be (8/6)/(10/45). Let n = l - 3. Suppose -5*v + 2 = -n. What is the units digit of v?
1
Let i = 11 + -5. Let z = 14 + -12. Let f = i + z. What is the units digit of f?
8
Suppose 0*c + c = 2. Suppose u - c = 1. Let x = u - -1. What is the units digit of x?
4
Let g(a) = 5*a**3 - 14*a**2 - 11*a + 13. Let t(o) = -2*o**3 + 7*o**2 + 5*o - 6. Let z(p) = -3*g(p) - 7*t(p). What is the units digit of z(-7)?
7
Let r(y) = 2*y**2 + 3*y. Let d be 2/(-15) - 387/135. What is the units digit of r(d)?
9
What is the units digit of (-477)/(-5) - ((-4)/(-10))/1?
5
Let u = -5 - -9. Suppose 13 = j + u. What is the units digit of j?
9
Let j(a) = -2*a + 20. What is the units digit of j(-14)?
8
Let h = 20 - -46. Suppose 0*o + 3*o - h = 0. What is the units digit of o?
2
Suppose -3 + 0 = 3*n. What is the tens digit of (4 + 33)/(n/(-1))?
3
Let q(z) = z - 8. Let g be q(6). Let s = g - 2. What is the units digit of -2 + 26*(-2)/s?
1
Let o(i) be the third derivative of -2*i**2 + 3/2*i**3 - 1/120*i**6 - 1/24*i**4 - 1/60*i**5 + 0 + 0*i. What is the units digit of o(0)?
9
Let v(w) = 3*w**2 - w + 1. Let t be v(4). Suppose -4*d + 3 + t = 0. What is the tens digit of d?
1
Let s = -4 - -38. What is the units digit of (-2)/8 - s/(-8)?
4
Suppose 0 = p - 1, 2*p - p = 5*z - 199. Let f = -8 + z. What is the units digit of f?
2
Suppose 116 = 148*x - 147*x. What is the hundreds digit of x?
1
What is the units digit of (17/(-4))/((-8)/128)?
8
Let y = -2 - -3. Suppose -2*f + 4*f = -14. Let j = y - f. What is the units digit of j?
8
Let u(g) = 108*g**2 - 2*g. What is the units digit of u(1)?
6
Let a be 0 + 3/(9/(-33)). What is the units digit of (-8)/44 - 90/a?
8
What is the tens digit of ((-724)/(-14))/2 + 25/175?
2
Suppose 4*o - o - 12 = 0. Suppose o*h - 50 = -6. What is the tens digit of h?
1
Let o(s) = s**2 - 13*s - 6. What is the tens digit of o(17)?
6
Suppose 3*m + 2*m + 40 = 0. Let s = 11 + m. Suppose -o - 4 = -s*o. What is the units digit of o?
2
What is the units digit of 2*-15*1/(-6)?
5
Suppose 5*w + 8 = 4*n, 0*n = -n + 2. Let r be 4/(-6) + 1/(-3). Let v = w - r. What is the units digit of v?
1
Let p(w) = 8*w**3 - 7*w**2 + 8*w + 26. Let m(o) = 7*o**3 - 6*o**2 + 7*o + 25. Let n(t) = 7*m(t) - 6*p(t). What is the units digit of n(0)?
9
Let w(r) = -r**3 - 5*r**2 + 3*r - 2. Let x be w(-6). Let m = -5 + x. What is the units digit of m?
1
Suppose -3*k + 3 = 0, 2*t = -2*t - 2*k + 14. What is the units digit of t?
3
Let i(s) be the second derivative of -s**5/10 + s**4/6 + 3*s**2/2 + s. Let y(n) = n**3 - n**2 - 1. Let o(w) = i(w) + y(w). What is the units digit of o(0)?
2
Let p = -41 - -65. What is the tens digit of p?
2
What is the tens digit of (-9)/12*-4 - -25?
2
What is the units digit of 40 + 16/(-4) + 6?
2
Let j be ((-2)/4)/((-2)/204). Suppose 4*m - 3*o = j, -3*m + 0*o + 2*o = -38. Suppose 4*y - m = -0. What is the units digit of y?
3
Let m = 1 + 1. Suppose 3*v - m*v = 5. Suppose 4*j